
-3
Let m(i) = -341*i**2 + 2*i + 3. What is m(-1)?
-340
Let p(a) = 2*a**2 + 34*a + 67. Give p(-19).
143
Let l(x) = -1687*x + 8436. What is l(5)?
1
Let n(c) = -36*c - 860. What is n(-22)?
-68
Let d(x) = 37*x + 702. Determine d(-17).
73
Let i(h) = -h**3 - 11*h**2 + h + 18. Calculate i(-11).
7
Let u(h) = -5*h**2 + 155*h + 16. Calculate u(31).
16
Let d(m) = m**2 - 14*m + 44. Determine d(15).
59
Let k(s) = s**3 - 14*s**2 + 46*s + 19. Calculate k(10).
79
Let l(y) = 2*y**3 + 36*y**2 - 73*y - 54. Give l(-19).
611
Let w(d) = d**3 - 12*d**2 + 4*d + 148. Determine w(10).
-12
Let w(d) = -d**2 + 61*d - 350. What is w(8)?
74
Let k(l) = -446*l - 1201. Calculate k(-2).
-309
Let p(x) = 2*x**2 - 40*x - 515. Give p(29).
7
Let n(d) = -4*d**2 + 19*d - 111. What is n(12)?
-459
Let f(h) = -h**2 - 201*h + 1259. Determine f(-207).
17
Let b(i) = -5*i + 171. Give b(36).
-9
Let d(o) = 34*o**3 - 9*o**2 - 2*o - 3. Calculate d(-1).
-44
Let t(h) = -7*h**2 - 8*h + 5. What is t(4)?
-139
Let c(b) = b**3 + 9*b**2 - 15*b + 13. Give c(-10).
63
Let j(b) = -b**3 - 23*b**2 + 27*b + 1073. Calculate j(-22).
-5
Let c(a) = -2*a**2 + 96*a + 1010. Calculate c(57).
-16
Let p(q) = q**3 + 11*q**2 - 122*q + 4. Give p(7).
32
Let r(g) = 3*g**3 + 15*g**2 - 17*g + 3. Give r(-5).
88
Let q(f) = 80*f + 2839. What is q(-20)?
1239
Let k(w) = w**2 - 452*w - 3682. Calculate k(-8).
-2
Let x(d) = d**3 + 18*d**2 + 3*d + 58. What is x(-18)?
4
Let u(r) = -r**3 - 91*r**2 + 187*r - 78. Calculate u(-93).
-171
Let x(k) = -3*k**2 + 75*k - 168. Give x(24).
-96
Let a(r) = -r**2 - 49*r + 73. Give a(-48).
121
Let z(w) = -412*w + 11079. Give z(27).
-45
Let x(o) = -28*o + 286. Calculate x(14).
-106
Let s(h) = 16*h**2 - 9*h + 19. Calculate s(2).
65
Let u(m) = -116*m + 442. What is u(4)?
-22
Let v(q) = 91*q + 1435. What is v(-16)?
-21
Let f(k) = -k + 478. Calculate f(53).
425
Let l(o) = -3*o**3 - 159*o**2 + 11*o + 589. Give l(-53).
6
Let z(k) = -207*k + 3512. Determine z(17).
-7
Let y(t) = t**3 - 28*t**2 - 5*t - 41. Calculate y(28).
-181
Let v(n) = -4*n**3 - 7*n**2 - 41*n - 233. Determine v(-6).
625
Let f(u) = u**2 - 24*u + 110. What is f(16)?
-18
Let j(i) = 29*i + 736. Calculate j(-24).
40
Let m(l) = l**2 + 50*l - 1871. What is m(25)?
4
Let g(v) = -9*v**3 - 9*v**2 + 9*v. Give g(1).
-9
Let a(k) = -6*k**2 + 34*k + 31. Determine a(8).
-81
Let q(r) = 7*r**3 - r**2 - 30*r. Determine q(0).
0
Let q(l) = -157*l + 153. What is q(1)?
-4
Let i(v) = v**3 + 15*v**2 + 22*v + 635. What is i(-16)?
27
Let x(m) = 4*m - 244. What is x(38)?
-92
Let w(p) = -3*p**3 - 73*p**2 + 436*p + 3. Calculate w(5).
-17
Let i(l) = -2*l**3 + 10*l**2 + 908*l - 5389. Determine i(6).
-13
Let h(m) = 3*m**2 - 4*m - 50. What is h(6)?
34
Let n(z) = -z**3 + 26*z**2 + 21*z + 229. Determine n(27).
67
Let f(b) = b**2 - 14*b + 107. Determine f(8).
59
Let u(x) = 36*x - 1154. Calculate u(38).
214
Let t(z) = z**3 + 5*z**2 - 59*z + 66. Give t(-10).
156
Let a(m) = -9*m**2 + 229*m - 200. What is a(24)?
112
Let q(i) = i**3 - 9*i**2 + 13*i + 49. Determine q(11).
434
Let u(m) = -m**2 - 112*m - 810. Give u(-8).
22
Let k(g) = 36*g + 111. Calculate k(-6).
-105
Let d(q) = 38*q + 510. Calculate d(-11).
92
Let w(i) = -21*i + 89. Give w(5).
-16
Let a(h) = -h**3 - 128*h**2 - h - 146. Calculate a(-128).
-18
Let r(h) = -185*h + 6. Determine r(3).
-549
Let u(l) = l**3 + 18*l**2 + 54*l + 966. Calculate u(-18).
-6
Let v(o) = o**3 - 50*o**2 + 97*o - 18. Determine v(48).
30
Let t(j) = 10*j**2 - j - 23. Give t(-5).
232
Let c(o) = -9*o**3 - 1749*o**2 - 583*o - 255. Calculate c(-194).
-61
Let f(w) = w**2 + 50*w + 406. Give f(-40).
6
Let v(x) = -x**2 + 79*x + 229. Calculate v(83).
-103
Let l(x) = -3929*x + 3940. Calculate l(1).
11
Let v(u) = -u**3 + u**2 - 9*u - 1. What is v(-4)?
115
Let a(b) = 2080*b - 4170. Calculate a(2).
-10
Let n(i) = 36*i - 181. Calculate n(-1).
-217
Let c(z) = -z**3 - 276*z**2 - 1888*z - 24. Give c(-7).
11
Let a(d) = 37*d - 56. What is a(4)?
92
Let q(i) = -3768*i - 41446. Determine q(-11).
2
Let j(p) = -2*p**3 - 134*p**2 - 133*p - 64. What is j(-66)?
2
Let o(n) = -n**2 + 48*n + 93. Give o(49).
44
Let c(b) = -7793*b - 77933. Calculate c(-10).
-3
Let b(h) = -h**2 - 5*h + 31. Give b(5).
-19
Let s(y) = 4*y**2 + 14*y + 39. Calculate s(-6).
99
Let w(l) = 175*l**3 - 348*l**2 - 7*l. Give w(2).
-6
Let v(s) = 17*s**3 - 1631*s**2 - 95*s - 109. What is v(96)?
-13
Let f(x) = x**3 - 7*x**2 + 43*x - 225. Determine f(6).
-3
Let d(w) = -w**2 + 19*w + 34. Give d(-12).
-338
Let h(y) = 2*y**2 - 43*y - 479. Give h(-10).
151
Let i(z) = z**2 + z - 15. Determine i(7).
41
Let v(z) = -z**3 + 18*z**2 + 205*z - 3545. Calculate v(19).
-11
Let p(k) = 19*k - 3160. Give p(167).
13
Let t(s) = s**2 - 251*s + 15320. Give t(146).
-10
Let f(c) = -13*c**2 - 322*c + 69. Calculate f(-25).
-6
Let s(w) = 18*w**2 - 177*w + 29. Give s(9).
-106
Let q(y) = 9*y - 749. Calculate q(83).
-2
Let f(o) = -8*o - 59. What is f(-13)?
45
Let r(t) = 2*t**2 - 2278*t + 31496. Give r(14).
-4
Let a(q) = -203*q - 245. What is a(-1)?
-42
Let c(f) = -383*f**2 + 5*f + 10. Give c(-1).
-378
Let p(f) = 552*f + 40289. Calculate p(-73).
-7
Let t(b) = 1585*b + 133137. Determine t(-84).
-3
Let l(k) = k**3 + 33*k**2 + 180*k - 55. Determine l(-26).
-3
Let x(h) = -560*h + 4489. What is x(8)?
9
Let s(o) = -3*o**2 - 49*o - 53. Calculate s(-10).
137
Let y(m) = -2*m**2 - 70*m - 295. Give y(-5).
5
Let w(y) = -44*y**2 - 3394*y - 471. What is w(-77)?
-9
Let b(z) = z**2 - 3*z - 50. What is b(14)?
104
Let x(u) = 2*u**2 - 98*u - 415. Calculate x(53).
9
Let b(r) = 126*r - 123. What is b(11)?
1263
Let r(d) = -2*d**3 + 4*d**2 + 4*d - 11. What is r(5)?
-141
Let x(l) = -l**3 + 60*l**2 - 150*l + 1986. Determine x(58).
14
Let o(j) = 4*j**2 + j + 666. Calculate o(0).
666
Let k(w) = w**3 + 35*w**2 - 19*w - 744. Give k(-35).
-79
Let f(m) = -3*m**2 + 100*m - 953. Determine f(9).
-296
Let y(j) = 301*j + 6916. Calculate y(-23).
-7
Let x(b) = 28*b - 1487. Give x(51).
-59
Let u(m) = 1415*m - 1414. Calculate u(1).
1
Let h(x) = 9*x - 353. Give h(54).
133
Let i(n) = 32*n - 791. What is i(24)?
-23
Let z(k) = 78*k + 1934. What is z(-28)?
-250
Let b(a) = -68*a - 361. Calculate b(-5).
-21
Let x(v) = v**3 + 27*v**2 - 61*v - 55. What is x(-29)?
32
Let a(o) = o**3 + 9*o**2 + 45*o + 297. Determine a(-8).
1
Let h(d) = -d**3 - 21*d**2 - 3*d + 332. What is h(-21)?
395
Let l(v) = 12*v**3 + 119*v**2 - 8*v - 4. What is l(-10)?
-24
Let p(s) = -3*s**3 - 23*s**2 - 88*s - 7. Give p(-4).
169
Let f(q) = 863*q - 3647. Calculate f(4).
-195
Let v(m) = 70*m + 2114. Give v(-30).
14
Let w(i) = 2*i**2 - 17*i + 13. Give w(6).
-17
Let u(f) = f**3 + 26*f**2 + 133*f - 80. Calculate u(-19).
-80
Let q(f) = -22*f + 1059. What is q(48)?
3
Let o(c) = 41*c - 934. Calculate o(23).
9
Let a(g) = -3*g - 15. Determine a(-12).
21
Let y(o) = -o**3 + 14*o**2 - 35*o - 69. Determine y(10).
-19
Let m(s) = -s**3 + 26*s**2 - 65*s - 101. What is m(23)?
-9
Let k(i) = i**3 + 12*i**2 + 28*i + 69. Calculate k(-12).
-267
Let t(o) = o**2 - 444*o + 1754. Determine t(4).
-6
Let h(k) = 14*k**2 - 321*k - 32. Determine h(23).
-9
Let h(g) = g**3 + 48*g**2 + 99*g + 439. Calculate h(-46).
117
Let f(u) = -u**3 + 6*u**2 - 8*u - 37. What is f(6)?
-85
Let q(i) = 2*i**2 + 123*i + 481. Determine q(-59).
186
Let s(u) = -238*u - 7163. What is s(-30)?
-23
Let n(x) = -2*x**2 - 43*x + 313. Give n(-27).
16
Let f(p) = -59*p + 1156. What is f(19)?
35
Let p(g) = 199*g + 786. Calculate p(-4).
-10
Let i(g) = 9*g**3 - g**2 - 10*g - 7. What is i(-2)?
-63
Let c(p) = 61*p + 8776. Calculate c(-144).
-8
Let w(o) = o**2 + 51*o + 335. What is w(-43)?
-9
Let g(s) = s**3 + 18*s**2 - 72*s - 24. What is g(-21)?
165
Let v(u) = -u**3 + 11*u**2 - 13*u + 58. Give v(10).
28
Let i(g) = -1957*g + 25421. Determine i(13).
-20
Let v(i) = -23*i + 1148. Calculate v(49).
21
Let y(t) = -3*t**3 - 7*t**2 + 13*t - 1. What is y(4)?
-253
Let q(t) = -t**2 + 6*t - 17. Calculate q(5).
-12
Let f(l) = -18*l + 7. Determine f(2).
-29
Let g(m) = m**3 + 22*m**2 - 73*m - 1155. Determine g(-23).
-5
Let w(c) = -2*c**2 + 159*c - 2076. Calculate w(16).
-44
Let x(a) = -5955*a + 29783. Give x(5).
8
Let h(d) = d**2 + 21*d + 40. What is h(-2)?
2
Let n(h) = 894*h - 23. Calculate n(-1).
-917
Let q(t) = 10*t**2 - 7*t - 4. Determine q(-4).
184
Let s(t) = t**2 + 49*t - 128. Determine s(-51).
-26
Let n(